{"id":97,"date":"2025-08-28T05:22:31","date_gmt":"2025-08-28T05:22:31","guid":{"rendered":"https:\/\/server-82.de\/huka\/?page_id=97"},"modified":"2025-09-05T05:49:44","modified_gmt":"2025-09-05T05:49:44","slug":"leistungen","status":"publish","type":"page","link":"https:\/\/huka-system.de\/?page_id=97","title":{"rendered":"Leistungen"},"content":{"rendered":"<div id='layer_slider_1'  class='avia-layerslider main_color avia-shadow  avia-builder-el-0  el_before_av_section  avia-builder-el-first  container_wrap sidebar_right'  style='height: 401px; max-width: 1280px; margin: 0 auto;'  ><\/div>\n<div id='leistungen'  class='avia-section av-6jg8d-2cffb480f8713b16465af3a4deb4bfce main_color avia-section-default avia-no-border-styling  avia-builder-el-1  el_after_av_layerslider  avia-builder-el-last  avia-bg-style-scroll container_wrap sidebar_right'  ><div class='container av-section-cont-open' ><div class='template-page content  av-content-small alpha units'><div class='post-entry post-entry-type-page post-entry-97'><div class='entry-content-wrapper clearfix'>\n<div  class='flex_column av-5upc5-fc81acb46dea3efeb13a9ceb61884bea av_one_half  avia-builder-el-2  el_before_av_one_half  avia-builder-el-first  first flex_column_div  '     ><section  class='av_textblock_section av-4uk6h-004a564e704a76400cd61cb0fbe60e22 '   itemscope=\"itemscope\" itemtype=\"https:\/\/schema.org\/CreativeWork\" ><div class='avia_textblock'  itemprop=\"text\" ><h2 data-start=\"1700\" data-end=\"1732\">\ud83d\udd27 Beratung &#038; Engineering<\/h2>\n<p data-start=\"1733\" data-end=\"1850\">Wir begleiten Sie von der Idee bis zum fertigen Produkt \u2013 mit technologischem Fachwissen und innovativen Konzepten:<\/p>\n<ul data-start=\"1851\" data-end=\"2183\">\n<li data-start=\"1851\" data-end=\"1910\">\n<p data-start=\"1853\" data-end=\"1910\">Umfassende Beratung f\u00fcr Fertigungs-, Handlings- und Montageprozesse<\/p>\n<\/li>\n<li data-start=\"1911\" data-end=\"1990\">\n<p data-start=\"1913\" data-end=\"1990\">Entwicklung und Konstruktion von Vorrichtungen, Sondermaschinen und automatisierten Systemen<\/p>\n<\/li>\n<li data-start=\"1911\" data-end=\"1990\">Integration in bestehende Fertigungsanlagen<\/li>\n<li data-start=\"1991\" data-end=\"2055\">\n<p data-start=\"1993\" data-end=\"2055\">Ganzheitliche Projektabwicklung \u2013 transparent und termintreu<\/p>\n<\/li>\n<li data-start=\"2056\" data-end=\"2118\">\n<p data-start=\"2058\" data-end=\"2118\">Roboterprogrammierung und Integration in bestehende Fertigungsumgebungen<\/p>\n<\/li>\n<li data-start=\"2119\" data-end=\"2183\">\n<p data-start=\"2121\" data-end=\"2183\">SPS-Programmierung<\/p>\n<\/li>\n<li data-start=\"2119\" data-end=\"2183\">Elektrokonstruktion<\/li>\n<\/ul>\n<\/div><\/section><\/div><div  class='flex_column av-4fhnx-eb68dc7124189314bd3a4cebdcd84402 av_one_half  avia-builder-el-4  el_after_av_one_half  el_before_av_hr  flex_column_div  '     ><div  class='avia-slideshow av-mf2ekpyh-860eca333a72cec84d7f40be41fd20cb avia-slideshow-large av_slideshow avia-slide-slider  avia-builder-el-5  avia-builder-el-no-sibling  av-slideshow-ui av-control-default av-slideshow-autoplay av-loop-endless av-loop-manual-endless av-default-height-applied avia-slideshow-1' data-slideshow-options=\"{&quot;animation&quot;:&quot;slide&quot;,&quot;autoplay&quot;:true,&quot;loop_autoplay&quot;:&quot;endless&quot;,&quot;interval&quot;:4,&quot;loop_manual&quot;:&quot;manual-endless&quot;,&quot;autoplay_stopper&quot;:false,&quot;noNavigation&quot;:false,&quot;bg_slider&quot;:false,&quot;keep_padding&quot;:false,&quot;hoverpause&quot;:false,&quot;show_slide_delay&quot;:0}\"  itemprop=\"image\" itemscope=\"itemscope\" itemtype=\"https:\/\/schema.org\/ImageObject\" ><ul class='avia-slideshow-inner ' style='padding-bottom: 66.601941747573%;'><li  class='avia-slideshow-slide av-mf2ekpyh-860eca333a72cec84d7f40be41fd20cb__0  slide-1 slide-odd'><div data-rel='slideshow-1' class='avia-slide-wrap '   ><img decoding=\"async\" fetchpriority=\"high\" class=\"wp-image-20 avia-img-lazy-loading-not-20\"  src=\"https:\/\/huka-system.de\/wp-content\/uploads\/2025\/08\/intelligente-industrieroboterarme-fur-die-digitale-fabrikproduktionstechnologie-scaled-e1755588324732-1030x686.jpg\" width=\"1030\" height=\"686\" title='Smart industry robot arms for digital factory production technology' alt='Roboter und ein Latop'  itemprop=\"thumbnailUrl\" srcset=\"https:\/\/huka-system.de\/wp-content\/uploads\/2025\/08\/intelligente-industrieroboterarme-fur-die-digitale-fabrikproduktionstechnologie-scaled-e1755588324732-1030x686.jpg 1030w, https:\/\/huka-system.de\/wp-content\/uploads\/2025\/08\/intelligente-industrieroboterarme-fur-die-digitale-fabrikproduktionstechnologie-scaled-e1755588324732-300x200.jpg 300w, https:\/\/huka-system.de\/wp-content\/uploads\/2025\/08\/intelligente-industrieroboterarme-fur-die-digitale-fabrikproduktionstechnologie-scaled-e1755588324732-768x512.jpg 768w, https:\/\/huka-system.de\/wp-content\/uploads\/2025\/08\/intelligente-industrieroboterarme-fur-die-digitale-fabrikproduktionstechnologie-scaled-e1755588324732-1536x1023.jpg 1536w, https:\/\/huka-system.de\/wp-content\/uploads\/2025\/08\/intelligente-industrieroboterarme-fur-die-digitale-fabrikproduktionstechnologie-scaled-e1755588324732-1500x999.jpg 1500w, https:\/\/huka-system.de\/wp-content\/uploads\/2025\/08\/intelligente-industrieroboterarme-fur-die-digitale-fabrikproduktionstechnologie-scaled-e1755588324732-705x470.jpg 705w, https:\/\/huka-system.de\/wp-content\/uploads\/2025\/08\/intelligente-industrieroboterarme-fur-die-digitale-fabrikproduktionstechnologie-scaled-e1755588324732.jpg 1704w\" sizes=\"(max-width: 1030px) 100vw, 1030px\" \/><\/div><\/li><li  class='avia-slideshow-slide av-mf2ekpyh-860eca333a72cec84d7f40be41fd20cb__1  slide-2 slide-even'><div data-rel='slideshow-1' class='avia-slide-wrap '   ><img decoding=\"async\" fetchpriority=\"high\" class=\"wp-image-114 avia-img-lazy-loading-not-114\"  src=\"https:\/\/huka-system.de\/wp-content\/uploads\/2025\/09\/systeme.png\" width=\"681\" height=\"452\" title='systeme' alt=''  itemprop=\"thumbnailUrl\" srcset=\"https:\/\/huka-system.de\/wp-content\/uploads\/2025\/09\/systeme.png 681w, https:\/\/huka-system.de\/wp-content\/uploads\/2025\/09\/systeme-300x199.png 300w\" sizes=\"(max-width: 681px) 100vw, 681px\" \/><\/div><\/li><\/ul><div class='avia-slideshow-arrows avia-slideshow-controls' ><a href='#prev' class='prev-slide  avia-svg-icon avia-font-svg_entypo-fontello' data-av_svg_icon='left-open-big' data-av_iconset='svg_entypo-fontello' tabindex='-1' title=\"Zur\u00fcck\"><svg version=\"1.1\" xmlns=\"http:\/\/www.w3.org\/2000\/svg\" width=\"15\" height=\"32\" viewBox=\"0 0 15 32\" preserveAspectRatio=\"xMidYMid meet\" aria-labelledby='av-svg-title-1' aria-describedby='av-svg-desc-1' role=\"graphics-symbol\" aria-hidden=\"true\">\n<title id='av-svg-title-1'>Zur\u00fcck<\/title>\n<desc id='av-svg-desc-1'>Zur\u00fcck<\/desc>\n<path d=\"M14.464 27.84q0.832 0.832 0 1.536-0.832 0.832-1.536 0l-12.544-12.608q-0.768-0.768 0-1.6l12.544-12.608q0.704-0.832 1.536 0 0.832 0.704 0 1.536l-11.456 11.904z\"><\/path>\n<\/svg><span class='avia_hidden_link_text'>Zur\u00fcck<\/span><\/a><a href='#next' class='next-slide  avia-svg-icon avia-font-svg_entypo-fontello' data-av_svg_icon='right-open-big' data-av_iconset='svg_entypo-fontello' tabindex='-1' title=\"Weiter\"><svg version=\"1.1\" xmlns=\"http:\/\/www.w3.org\/2000\/svg\" width=\"15\" height=\"32\" viewBox=\"0 0 15 32\" preserveAspectRatio=\"xMidYMid meet\" aria-labelledby='av-svg-title-2' aria-describedby='av-svg-desc-2' role=\"graphics-symbol\" aria-hidden=\"true\">\n<title id='av-svg-title-2'>Weiter<\/title>\n<desc id='av-svg-desc-2'>Weiter<\/desc>\n<path d=\"M0.416 27.84l11.456-11.84-11.456-11.904q-0.832-0.832 0-1.536 0.832-0.832 1.536 0l12.544 12.608q0.768 0.832 0 1.6l-12.544 12.608q-0.704 0.832-1.536 0-0.832-0.704 0-1.536z\"><\/path>\n<\/svg><span class='avia_hidden_link_text'>Weiter<\/span><\/a><\/div><div class='avia-slideshow-dots avia-slideshow-controls'><a href='#1' class='goto-slide active' >1<\/a><a href='#2' class='goto-slide ' >2<\/a><\/div><\/div><\/div>\n<style type=\"text\/css\" data-created_by=\"avia_inline_auto\" id=\"style-css-av-3696x-bad8a809040fe54e56a93aadec54b181\">\n#top .hr.hr-invisible.av-3696x-bad8a809040fe54e56a93aadec54b181{\nheight:100px;\n}\n<\/style>\n<div  class='hr av-3696x-bad8a809040fe54e56a93aadec54b181 hr-invisible  avia-builder-el-6  el_after_av_one_half  el_before_av_one_half '><span class='hr-inner '><span class=\"hr-inner-style\"><\/span><\/span><\/div>\n<div  class='flex_column av-2lkz9-c9a13dc895db5c9c0986475d78dc8638 av_one_half  avia-builder-el-7  el_after_av_hr  el_before_av_one_half  first flex_column_div  '     ><section  class='av_textblock_section av-29pz1-d072e00edaed901cd20aeead2454c010 '   itemscope=\"itemscope\" itemtype=\"https:\/\/schema.org\/CreativeWork\" ><div class='avia_textblock'  itemprop=\"text\" ><h2 data-start=\"2185\" data-end=\"2212\">\u2699\ufe0f Fertigungsservice<\/h2>\n<p data-start=\"2213\" data-end=\"2386\">Unser Fertigungsservice bietet h\u00f6chste Pr\u00e4zision, Flexibilit\u00e4t und Qualit\u00e4t. Wir setzen modernste Technologien ein, um Ihre individuellen Anforderungen optimal umzusetzen:<\/p>\n<ul data-start=\"2387\" data-end=\"2778\">\n<li data-start=\"2387\" data-end=\"2447\">\n<p data-start=\"2389\" data-end=\"2447\">Fertigung, Montage und Inbetriebnahme kompletter Anlagen<\/p>\n<\/li>\n<li data-start=\"2448\" data-end=\"2503\">\n<p data-start=\"2450\" data-end=\"2503\">Montage von mechanischen uns elektrischen Baugruppen<\/p>\n<\/li>\n<li data-start=\"2504\" data-end=\"2573\">\n<p data-start=\"2506\" data-end=\"2573\">Laserschneiden, Kanten und Blechbearbeitung<\/p>\n<\/li>\n<li data-start=\"2574\" data-end=\"2632\">\n<p data-start=\"2576\" data-end=\"2632\">Schwei\u00dfen (MAG\/WIG\/Laser) von Stahl, Edelstahl und Aluminium<\/p>\n<\/li>\n<li data-start=\"2633\" data-end=\"2681\">\n<p data-start=\"2635\" data-end=\"2681\">Herstellung von Blechbaugruppen und Geh\u00e4usen<\/p>\n<\/li>\n<li data-start=\"2682\" data-end=\"2729\">\n<p data-start=\"2684\" data-end=\"2729\">Schwei\u00dfkonstruktionen und Gestelle<\/p>\n<\/li>\n<li data-start=\"2730\" data-end=\"2778\">\n<p data-start=\"2732\" data-end=\"2778\">CNC-Drehen und -Fr\u00e4sen f\u00fcr komplexe Bauteile<\/p>\n<\/li>\n<\/ul>\n<\/div><\/section><\/div><div  class='flex_column av-1fzr9-8bcf8d40f0f39edeebe8e46ab32bb17f av_one_half  avia-builder-el-9  el_after_av_one_half  avia-builder-el-last  flex_column_div  '     ><div  class='avia-slideshow av-mf2apu24-406af51be7c6d616f1739806f374aa38 avia-slideshow-large av_slideshow avia-slide-slider  avia-builder-el-10  avia-builder-el-no-sibling  av-slideshow-ui av-control-default av-slideshow-autoplay av-loop-endless av-loop-manual-endless av-default-height-applied avia-slideshow-2' data-slideshow-options=\"{&quot;animation&quot;:&quot;slide&quot;,&quot;autoplay&quot;:true,&quot;loop_autoplay&quot;:&quot;endless&quot;,&quot;interval&quot;:4,&quot;loop_manual&quot;:&quot;manual-endless&quot;,&quot;autoplay_stopper&quot;:false,&quot;noNavigation&quot;:false,&quot;bg_slider&quot;:false,&quot;keep_padding&quot;:false,&quot;hoverpause&quot;:false,&quot;show_slide_delay&quot;:0}\"  itemprop=\"image\" itemscope=\"itemscope\" itemtype=\"https:\/\/schema.org\/ImageObject\" ><ul class='avia-slideshow-inner ' style='padding-bottom: 66.699029126214%;'><li  class='avia-slideshow-slide av-mf2apu24-406af51be7c6d616f1739806f374aa38__0  slide-1 slide-odd'><div data-rel='slideshow-2' class='avia-slide-wrap '   ><img decoding=\"async\" fetchpriority=\"high\" class=\"wp-image-108 avia-img-lazy-loading-not-108\"  src=\"https:\/\/huka-system.de\/wp-content\/uploads\/2025\/09\/die-hochprazisions-cnc-frasmaschine-mit-schnittmuster-blau-silber-ton-die-mikroschneidtechnik-im-prazisionsteil-scaled-1-1030x687.jpg\" width=\"1030\" height=\"687\" title='The Hi-precision CNC milling machine with cutting sample in blue-silver tone.The micro cutting technique in precision part.' alt='CNC Fr\u00e4se'  itemprop=\"thumbnailUrl\" srcset=\"https:\/\/huka-system.de\/wp-content\/uploads\/2025\/09\/die-hochprazisions-cnc-frasmaschine-mit-schnittmuster-blau-silber-ton-die-mikroschneidtechnik-im-prazisionsteil-scaled-1-1030x687.jpg 1030w, https:\/\/huka-system.de\/wp-content\/uploads\/2025\/09\/die-hochprazisions-cnc-frasmaschine-mit-schnittmuster-blau-silber-ton-die-mikroschneidtechnik-im-prazisionsteil-scaled-1-300x200.jpg 300w, https:\/\/huka-system.de\/wp-content\/uploads\/2025\/09\/die-hochprazisions-cnc-frasmaschine-mit-schnittmuster-blau-silber-ton-die-mikroschneidtechnik-im-prazisionsteil-scaled-1-768x512.jpg 768w, https:\/\/huka-system.de\/wp-content\/uploads\/2025\/09\/die-hochprazisions-cnc-frasmaschine-mit-schnittmuster-blau-silber-ton-die-mikroschneidtechnik-im-prazisionsteil-scaled-1-1536x1024.jpg 1536w, https:\/\/huka-system.de\/wp-content\/uploads\/2025\/09\/die-hochprazisions-cnc-frasmaschine-mit-schnittmuster-blau-silber-ton-die-mikroschneidtechnik-im-prazisionsteil-scaled-1-2048x1366.jpg 2048w, https:\/\/huka-system.de\/wp-content\/uploads\/2025\/09\/die-hochprazisions-cnc-frasmaschine-mit-schnittmuster-blau-silber-ton-die-mikroschneidtechnik-im-prazisionsteil-scaled-1-1500x1000.jpg 1500w, https:\/\/huka-system.de\/wp-content\/uploads\/2025\/09\/die-hochprazisions-cnc-frasmaschine-mit-schnittmuster-blau-silber-ton-die-mikroschneidtechnik-im-prazisionsteil-scaled-1-705x470.jpg 705w\" sizes=\"(max-width: 1030px) 100vw, 1030px\" \/><\/div><\/li><li  class='avia-slideshow-slide av-mf2apu24-406af51be7c6d616f1739806f374aa38__1  slide-2 slide-even'><div data-rel='slideshow-2' class='avia-slide-wrap '   ><img decoding=\"async\" fetchpriority=\"high\" class=\"wp-image-57 avia-img-lazy-loading-not-57\"  src=\"https:\/\/huka-system.de\/wp-content\/uploads\/2025\/08\/man-working-metal-1030x687.jpg\" width=\"1030\" height=\"687\" title='The welder processes the metal.' alt='Schweisen'  itemprop=\"thumbnailUrl\" srcset=\"https:\/\/huka-system.de\/wp-content\/uploads\/2025\/08\/man-working-metal-1030x687.jpg 1030w, https:\/\/huka-system.de\/wp-content\/uploads\/2025\/08\/man-working-metal-300x200.jpg 300w, https:\/\/huka-system.de\/wp-content\/uploads\/2025\/08\/man-working-metal-768x512.jpg 768w, https:\/\/huka-system.de\/wp-content\/uploads\/2025\/08\/man-working-metal-1536x1024.jpg 1536w, https:\/\/huka-system.de\/wp-content\/uploads\/2025\/08\/man-working-metal-2048x1365.jpg 2048w, https:\/\/huka-system.de\/wp-content\/uploads\/2025\/08\/man-working-metal-1500x1000.jpg 1500w, https:\/\/huka-system.de\/wp-content\/uploads\/2025\/08\/man-working-metal-705x470.jpg 705w\" sizes=\"(max-width: 1030px) 100vw, 1030px\" \/><\/div><\/li><li  class='avia-slideshow-slide av-mf2apu24-406af51be7c6d616f1739806f374aa38__2  slide-3 slide-odd'><div data-rel='slideshow-2' class='avia-slide-wrap '   ><img decoding=\"async\" fetchpriority=\"high\" class=\"wp-image-111 avia-img-lazy-loading-not-111\"  src=\"https:\/\/huka-system.de\/wp-content\/uploads\/2025\/09\/Arbeiter_sw-scaled-1-1030x687.jpg\" width=\"1030\" height=\"687\" title='Factory worker working in warehouse handling metal material for' alt=''  itemprop=\"thumbnailUrl\" srcset=\"https:\/\/huka-system.de\/wp-content\/uploads\/2025\/09\/Arbeiter_sw-scaled-1-1030x687.jpg 1030w, https:\/\/huka-system.de\/wp-content\/uploads\/2025\/09\/Arbeiter_sw-scaled-1-300x200.jpg 300w, https:\/\/huka-system.de\/wp-content\/uploads\/2025\/09\/Arbeiter_sw-scaled-1-768x512.jpg 768w, https:\/\/huka-system.de\/wp-content\/uploads\/2025\/09\/Arbeiter_sw-scaled-1-1536x1024.jpg 1536w, https:\/\/huka-system.de\/wp-content\/uploads\/2025\/09\/Arbeiter_sw-scaled-1-2048x1366.jpg 2048w, https:\/\/huka-system.de\/wp-content\/uploads\/2025\/09\/Arbeiter_sw-scaled-1-1500x1000.jpg 1500w, https:\/\/huka-system.de\/wp-content\/uploads\/2025\/09\/Arbeiter_sw-scaled-1-705x470.jpg 705w\" sizes=\"(max-width: 1030px) 100vw, 1030px\" \/><\/div><\/li><li  class='avia-slideshow-slide av-mf2apu24-406af51be7c6d616f1739806f374aa38__3  slide-4 slide-even'><div data-rel='slideshow-2' class='avia-slide-wrap '   ><img decoding=\"async\" fetchpriority=\"high\" class=\"wp-image-109 avia-img-lazy-loading-not-109\"  src=\"https:\/\/huka-system.de\/wp-content\/uploads\/2025\/09\/mid-adult-engineer-young-worker-cooperating-while-analyzing-reports-steel-factory-1030x687.jpg\" width=\"1030\" height=\"687\" title='Quality control inspector and metal worker reading reports in industrial building.' alt='Qulit\u00e4tskontrolle'  itemprop=\"thumbnailUrl\" srcset=\"https:\/\/huka-system.de\/wp-content\/uploads\/2025\/09\/mid-adult-engineer-young-worker-cooperating-while-analyzing-reports-steel-factory-1030x687.jpg 1030w, https:\/\/huka-system.de\/wp-content\/uploads\/2025\/09\/mid-adult-engineer-young-worker-cooperating-while-analyzing-reports-steel-factory-300x200.jpg 300w, https:\/\/huka-system.de\/wp-content\/uploads\/2025\/09\/mid-adult-engineer-young-worker-cooperating-while-analyzing-reports-steel-factory-768x512.jpg 768w, https:\/\/huka-system.de\/wp-content\/uploads\/2025\/09\/mid-adult-engineer-young-worker-cooperating-while-analyzing-reports-steel-factory-705x470.jpg 705w\" sizes=\"(max-width: 1030px) 100vw, 1030px\" \/><\/div><\/li><\/ul><div class='avia-slideshow-arrows avia-slideshow-controls' ><a href='#prev' class='prev-slide  avia-svg-icon avia-font-svg_entypo-fontello' data-av_svg_icon='left-open-big' data-av_iconset='svg_entypo-fontello' tabindex='-1' title=\"Zur\u00fcck\"><svg version=\"1.1\" xmlns=\"http:\/\/www.w3.org\/2000\/svg\" width=\"15\" height=\"32\" viewBox=\"0 0 15 32\" preserveAspectRatio=\"xMidYMid meet\" aria-labelledby='av-svg-title-3' aria-describedby='av-svg-desc-3' role=\"graphics-symbol\" aria-hidden=\"true\">\n<title id='av-svg-title-3'>Zur\u00fcck<\/title>\n<desc id='av-svg-desc-3'>Zur\u00fcck<\/desc>\n<path d=\"M14.464 27.84q0.832 0.832 0 1.536-0.832 0.832-1.536 0l-12.544-12.608q-0.768-0.768 0-1.6l12.544-12.608q0.704-0.832 1.536 0 0.832 0.704 0 1.536l-11.456 11.904z\"><\/path>\n<\/svg><span class='avia_hidden_link_text'>Zur\u00fcck<\/span><\/a><a href='#next' class='next-slide  avia-svg-icon avia-font-svg_entypo-fontello' data-av_svg_icon='right-open-big' data-av_iconset='svg_entypo-fontello' tabindex='-1' title=\"Weiter\"><svg version=\"1.1\" xmlns=\"http:\/\/www.w3.org\/2000\/svg\" width=\"15\" height=\"32\" viewBox=\"0 0 15 32\" preserveAspectRatio=\"xMidYMid meet\" aria-labelledby='av-svg-title-4' aria-describedby='av-svg-desc-4' role=\"graphics-symbol\" aria-hidden=\"true\">\n<title id='av-svg-title-4'>Weiter<\/title>\n<desc id='av-svg-desc-4'>Weiter<\/desc>\n<path d=\"M0.416 27.84l11.456-11.84-11.456-11.904q-0.832-0.832 0-1.536 0.832-0.832 1.536 0l12.544 12.608q0.768 0.832 0 1.6l-12.544 12.608q-0.704 0.832-1.536 0-0.832-0.704 0-1.536z\"><\/path>\n<\/svg><span class='avia_hidden_link_text'>Weiter<\/span><\/a><\/div><div class='avia-slideshow-dots avia-slideshow-controls'><a href='#1' class='goto-slide active' >1<\/a><a href='#2' class='goto-slide ' >2<\/a><a href='#3' class='goto-slide ' >3<\/a><a href='#4' class='goto-slide ' >4<\/a><\/div><\/div><\/div><\/div><\/div><\/div><!-- close content main div --><\/div><\/div><div id='after_section_1'  class='main_color av_default_container_wrap container_wrap sidebar_right'  ><div class='container av-section-cont-open' ><div class='template-page content  av-content-small alpha units'><div class='post-entry post-entry-type-page post-entry-97'><div class='entry-content-wrapper clearfix'>\n","protected":false},"excerpt":{"rendered":"","protected":false},"author":1,"featured_media":0,"parent":0,"menu_order":0,"comment_status":"closed","ping_status":"closed","template":"","meta":{"footnotes":""},"class_list":["post-97","page","type-page","status-publish","hentry"],"yoast_head":"<!-- This site is optimized with the Yoast SEO plugin v27.1.1 - https:\/\/yoast.com\/product\/yoast-seo-wordpress\/ -->\n<title>Leistungen - Huka Systemtechnik<\/title>\n<meta name=\"description\" content=\"Unsere Leistungen bei HUKA Systemtechnik in Scheibenberg: Automatisierungstechnik, Maschinenbau und individuelle Systeml\u00f6sungen f\u00fcr Industrie und Handwerk.\" \/>\n<meta name=\"robots\" content=\"index, follow, max-snippet:-1, max-image-preview:large, max-video-preview:-1\" \/>\n<link rel=\"canonical\" href=\"https:\/\/huka-system.de\/?page_id=97\" \/>\n<meta property=\"og:locale\" content=\"de_DE\" \/>\n<meta property=\"og:type\" content=\"article\" \/>\n<meta property=\"og:title\" content=\"Leistungen - Huka Systemtechnik\" \/>\n<meta property=\"og:description\" content=\"Unsere Leistungen bei HUKA Systemtechnik in Scheibenberg: Automatisierungstechnik, Maschinenbau und individuelle Systeml\u00f6sungen f\u00fcr Industrie und Handwerk.\" \/>\n<meta property=\"og:url\" content=\"https:\/\/huka-system.de\/?page_id=97\" \/>\n<meta property=\"og:site_name\" content=\"Huka Systemtechnik\" \/>\n<meta property=\"article:modified_time\" content=\"2025-09-05T05:49:44+00:00\" \/>\n<meta name=\"twitter:card\" content=\"summary_large_image\" \/>\n<meta name=\"twitter:label1\" content=\"Gesch\u00e4tzte Lesezeit\" \/>\n\t<meta name=\"twitter:data1\" content=\"3\u00a0Minuten\" \/>\n<script type=\"application\/ld+json\" class=\"yoast-schema-graph\">{\"@context\":\"https:\/\/schema.org\",\"@graph\":[{\"@type\":\"WebPage\",\"@id\":\"https:\/\/huka-system.de\/?page_id=97\",\"url\":\"https:\/\/huka-system.de\/?page_id=97\",\"name\":\"Leistungen - Huka Systemtechnik\",\"isPartOf\":{\"@id\":\"https:\/\/huka-system.de\/#website\"},\"datePublished\":\"2025-08-28T05:22:31+00:00\",\"dateModified\":\"2025-09-05T05:49:44+00:00\",\"description\":\"Unsere Leistungen bei HUKA Systemtechnik in Scheibenberg: Automatisierungstechnik, Maschinenbau und individuelle Systeml\u00f6sungen f\u00fcr Industrie und Handwerk.\",\"breadcrumb\":{\"@id\":\"https:\/\/huka-system.de\/?page_id=97#breadcrumb\"},\"inLanguage\":\"de\",\"potentialAction\":[{\"@type\":\"ReadAction\",\"target\":[\"https:\/\/huka-system.de\/?page_id=97\"]}]},{\"@type\":\"BreadcrumbList\",\"@id\":\"https:\/\/huka-system.de\/?page_id=97#breadcrumb\",\"itemListElement\":[{\"@type\":\"ListItem\",\"position\":1,\"name\":\"Startseite\",\"item\":\"https:\/\/huka-system.de\/?page_id=17\"},{\"@type\":\"ListItem\",\"position\":2,\"name\":\"Leistungen\"}]},{\"@type\":\"WebSite\",\"@id\":\"https:\/\/huka-system.de\/#website\",\"url\":\"https:\/\/huka-system.de\/\",\"name\":\"Huka Systemtechnik\",\"description\":\"\",\"publisher\":{\"@id\":\"https:\/\/huka-system.de\/#organization\"},\"potentialAction\":[{\"@type\":\"SearchAction\",\"target\":{\"@type\":\"EntryPoint\",\"urlTemplate\":\"https:\/\/huka-system.de\/?s={search_term_string}\"},\"query-input\":{\"@type\":\"PropertyValueSpecification\",\"valueRequired\":true,\"valueName\":\"search_term_string\"}}],\"inLanguage\":\"de\"},{\"@type\":\"Organization\",\"@id\":\"https:\/\/huka-system.de\/#organization\",\"name\":\"Huka Systemtechnik\",\"url\":\"https:\/\/huka-system.de\/\",\"logo\":{\"@type\":\"ImageObject\",\"inLanguage\":\"de\",\"@id\":\"https:\/\/huka-system.de\/#\/schema\/logo\/image\/\",\"url\":\"https:\/\/huka-system.de\/wp-content\/uploads\/2025\/08\/Element-1@5x-scaled.png\",\"contentUrl\":\"https:\/\/huka-system.de\/wp-content\/uploads\/2025\/08\/Element-1@5x-scaled.png\",\"width\":2560,\"height\":2028,\"caption\":\"Huka Systemtechnik\"},\"image\":{\"@id\":\"https:\/\/huka-system.de\/#\/schema\/logo\/image\/\"}}]}<\/script>\n<!-- \/ Yoast SEO plugin. -->","yoast_head_json":{"title":"Leistungen - Huka Systemtechnik","description":"Unsere Leistungen bei HUKA Systemtechnik in Scheibenberg: Automatisierungstechnik, Maschinenbau und individuelle Systeml\u00f6sungen f\u00fcr Industrie und Handwerk.","robots":{"index":"index","follow":"follow","max-snippet":"max-snippet:-1","max-image-preview":"max-image-preview:large","max-video-preview":"max-video-preview:-1"},"canonical":"https:\/\/huka-system.de\/?page_id=97","og_locale":"de_DE","og_type":"article","og_title":"Leistungen - Huka Systemtechnik","og_description":"Unsere Leistungen bei HUKA Systemtechnik in Scheibenberg: Automatisierungstechnik, Maschinenbau und individuelle Systeml\u00f6sungen f\u00fcr Industrie und Handwerk.","og_url":"https:\/\/huka-system.de\/?page_id=97","og_site_name":"Huka Systemtechnik","article_modified_time":"2025-09-05T05:49:44+00:00","twitter_card":"summary_large_image","twitter_misc":{"Gesch\u00e4tzte Lesezeit":"3\u00a0Minuten"},"schema":{"@context":"https:\/\/schema.org","@graph":[{"@type":"WebPage","@id":"https:\/\/huka-system.de\/?page_id=97","url":"https:\/\/huka-system.de\/?page_id=97","name":"Leistungen - Huka Systemtechnik","isPartOf":{"@id":"https:\/\/huka-system.de\/#website"},"datePublished":"2025-08-28T05:22:31+00:00","dateModified":"2025-09-05T05:49:44+00:00","description":"Unsere Leistungen bei HUKA Systemtechnik in Scheibenberg: Automatisierungstechnik, Maschinenbau und individuelle Systeml\u00f6sungen f\u00fcr Industrie und Handwerk.","breadcrumb":{"@id":"https:\/\/huka-system.de\/?page_id=97#breadcrumb"},"inLanguage":"de","potentialAction":[{"@type":"ReadAction","target":["https:\/\/huka-system.de\/?page_id=97"]}]},{"@type":"BreadcrumbList","@id":"https:\/\/huka-system.de\/?page_id=97#breadcrumb","itemListElement":[{"@type":"ListItem","position":1,"name":"Startseite","item":"https:\/\/huka-system.de\/?page_id=17"},{"@type":"ListItem","position":2,"name":"Leistungen"}]},{"@type":"WebSite","@id":"https:\/\/huka-system.de\/#website","url":"https:\/\/huka-system.de\/","name":"Huka Systemtechnik","description":"","publisher":{"@id":"https:\/\/huka-system.de\/#organization"},"potentialAction":[{"@type":"SearchAction","target":{"@type":"EntryPoint","urlTemplate":"https:\/\/huka-system.de\/?s={search_term_string}"},"query-input":{"@type":"PropertyValueSpecification","valueRequired":true,"valueName":"search_term_string"}}],"inLanguage":"de"},{"@type":"Organization","@id":"https:\/\/huka-system.de\/#organization","name":"Huka Systemtechnik","url":"https:\/\/huka-system.de\/","logo":{"@type":"ImageObject","inLanguage":"de","@id":"https:\/\/huka-system.de\/#\/schema\/logo\/image\/","url":"https:\/\/huka-system.de\/wp-content\/uploads\/2025\/08\/Element-1@5x-scaled.png","contentUrl":"https:\/\/huka-system.de\/wp-content\/uploads\/2025\/08\/Element-1@5x-scaled.png","width":2560,"height":2028,"caption":"Huka Systemtechnik"},"image":{"@id":"https:\/\/huka-system.de\/#\/schema\/logo\/image\/"}}]}},"_links":{"self":[{"href":"https:\/\/huka-system.de\/index.php?rest_route=\/wp\/v2\/pages\/97","targetHints":{"allow":["GET"]}}],"collection":[{"href":"https:\/\/huka-system.de\/index.php?rest_route=\/wp\/v2\/pages"}],"about":[{"href":"https:\/\/huka-system.de\/index.php?rest_route=\/wp\/v2\/types\/page"}],"author":[{"embeddable":true,"href":"https:\/\/huka-system.de\/index.php?rest_route=\/wp\/v2\/users\/1"}],"replies":[{"embeddable":true,"href":"https:\/\/huka-system.de\/index.php?rest_route=%2Fwp%2Fv2%2Fcomments&post=97"}],"version-history":[{"count":5,"href":"https:\/\/huka-system.de\/index.php?rest_route=\/wp\/v2\/pages\/97\/revisions"}],"predecessor-version":[{"id":129,"href":"https:\/\/huka-system.de\/index.php?rest_route=\/wp\/v2\/pages\/97\/revisions\/129"}],"wp:attachment":[{"href":"https:\/\/huka-system.de\/index.php?rest_route=%2Fwp%2Fv2%2Fmedia&parent=97"}],"curies":[{"name":"wp","href":"https:\/\/api.w.org\/{rel}","templated":true}]}}