{"id":17,"date":"2025-08-19T06:00:11","date_gmt":"2025-08-19T06:00:11","guid":{"rendered":"https:\/\/server-82.de\/huka\/?page_id=17"},"modified":"2025-09-05T05:49:04","modified_gmt":"2025-09-05T05:49:04","slug":"17-2","status":"publish","type":"page","link":"https:\/\/huka-system.de\/","title":{"rendered":"Startseite"},"content":{"rendered":"\n<style type=\"text\/css\" data-created_by=\"avia_inline_auto\" id=\"style-css-av-zj3p-afd72dafee164d3e97c7d1544703b7b3\">\n.avia-section.av-zj3p-afd72dafee164d3e97c7d1544703b7b3 .av-section-color-overlay{\nopacity:0.1;\n}\n<\/style>\n<div id='av_section_1'  class='avia-section av-zj3p-afd72dafee164d3e97c7d1544703b7b3 main_color avia-section-default avia-no-border-styling  avia-builder-el-0  el_before_av_hr  avia-builder-el-first  avia-bg-style-parallax av-section-color-overlay-active av-minimum-height av-minimum-height-100 av-height-100  av-section-with-video-bg container_wrap sidebar_right'   data-av_minimum_height_pc='100' data-av_min_height_opt='100' data-section-video-ratio='16:9'><div  class='avia-slideshow av_slideshow_obj-1-69d22da1782ec avia-slideshow-featured av_slideshow avia-slide-slider av-slideshow-ui av-control-default av-slideshow-manual av-loop-once av-loop-manual-endless av-default-height-applied  av-section-video-bg avia-slideshow-1' data-slideshow-options=\"{&quot;animation&quot;:&quot;slide&quot;,&quot;autoplay&quot;:false,&quot;loop_autoplay&quot;:&quot;once&quot;,&quot;interval&quot;:5,&quot;loop_manual&quot;:&quot;manual-endless&quot;,&quot;autoplay_stopper&quot;:false,&quot;noNavigation&quot;:false,&quot;bg_slider&quot;:false,&quot;keep_padding&quot;:false,&quot;hoverpause&quot;:false,&quot;show_slide_delay&quot;:0}\"  itemprop=\"image\" itemscope=\"itemscope\" itemtype=\"https:\/\/schema.org\/ImageObject\" ><ul class='avia-slideshow-inner ' style='padding-bottom: 28.666666666667%;'><li  data-controls='disabled' data-mute='aviaTBaviaTBvideo_mute' data-loop='1' data-disable-autoplay=''  data-video-ratio='1.7777777777778' class='avia-slideshow-slide av_slideshow_obj-1-69d22da1782ec__0  av-video-slide  av-video-service-html5  av-hide-video-controls av-mute-video av-loop-video  av-single-slide slide-1 slide-odd'><div data-rel='slideshow-1' class='avia-slide-wrap '    itemprop=\"video\" itemtype=\"https:\/\/schema.org\/VideoObject\" ><div class='av-click-overlay'><\/div><video class='avia_video'  autoplay playsinline loop preload=\"metadata\" muted  id='player_17_1648518763_983013992'><source src=\"https:\/\/huka-system.de\/wp-content\/uploads\/2025\/08\/5216097_Abstract_Office_4096x2304_2-1.mp4\" type=\"video\/mp4\" \/><\/video><div class=\"av-click-to-play-overlay\"><div class=\"avia_playpause_icon\"><\/div><\/div><\/div><\/li><\/ul><\/div><div class=\"av-section-color-overlay-wrap\"><div class=\"av-section-color-overlay\"><\/div><div class='container av-section-cont-open' ><main  role=\"main\" itemprop=\"mainContentOfPage\"  class='template-page content  av-content-small alpha units'><div class='post-entry post-entry-type-page post-entry-17'><div class='entry-content-wrapper clearfix'>\n\n<style type=\"text\/css\" data-created_by=\"avia_inline_auto\" id=\"style-css-av-mei5md4i-96082484ada2fc0666f0590773b72ac5\">\n.avia-image-container.av-mei5md4i-96082484ada2fc0666f0590773b72ac5 img.avia_image{\nbox-shadow:none;\n}\n.avia-image-container.av-mei5md4i-96082484ada2fc0666f0590773b72ac5 .av-image-caption-overlay-center{\ncolor:#ffffff;\n}\n<\/style>\n<div  class='avia-image-container av-mei5md4i-96082484ada2fc0666f0590773b72ac5 av-styling- avia-align-center  avia-builder-el-1  avia-builder-el-no-sibling '   itemprop=\"image\" itemscope=\"itemscope\" itemtype=\"https:\/\/schema.org\/ImageObject\" ><div class=\"avia-image-container-inner\"><div class=\"avia-image-overlay-wrap\"><img decoding=\"async\" fetchpriority=\"high\" class='wp-image-16 avia-img-lazy-loading-not-16 avia_image ' src=\"https:\/\/huka-system.de\/wp-content\/uploads\/2025\/08\/Element-1@5x-300x238.png\" alt='Logo Huka' title='Element 1@5x'  height=\"238\" width=\"300\"  itemprop=\"thumbnailUrl\" srcset=\"https:\/\/huka-system.de\/wp-content\/uploads\/2025\/08\/Element-1@5x-300x238.png 300w, https:\/\/huka-system.de\/wp-content\/uploads\/2025\/08\/Element-1@5x-1030x816.png 1030w, https:\/\/huka-system.de\/wp-content\/uploads\/2025\/08\/Element-1@5x-768x608.png 768w, https:\/\/huka-system.de\/wp-content\/uploads\/2025\/08\/Element-1@5x-1536x1217.png 1536w, https:\/\/huka-system.de\/wp-content\/uploads\/2025\/08\/Element-1@5x-2048x1622.png 2048w, https:\/\/huka-system.de\/wp-content\/uploads\/2025\/08\/Element-1@5x-1500x1188.png 1500w, https:\/\/huka-system.de\/wp-content\/uploads\/2025\/08\/Element-1@5x-705x558.png 705w\" sizes=\"(max-width: 300px) 100vw, 300px\" \/><\/div><\/div><\/div>\n<\/div><\/div><\/main><!-- close content main element --><\/div><\/div><\/div><div id='after_section_1'  class='main_color av_default_container_wrap container_wrap sidebar_right'  ><div class='container av-section-cont-open' ><div class='template-page content  av-content-small alpha units'><div class='post-entry post-entry-type-page post-entry-17'><div class='entry-content-wrapper clearfix'>\n\n<style type=\"text\/css\" data-created_by=\"avia_inline_auto\" id=\"style-css-av-mei5yhhs-65689bf8a07a30fc9edcc6d95f4daa98\">\n#top .hr.hr-invisible.av-mei5yhhs-65689bf8a07a30fc9edcc6d95f4daa98{\nheight:50px;\n}\n<\/style>\n<div  class='hr av-mei5yhhs-65689bf8a07a30fc9edcc6d95f4daa98 hr-invisible  avia-builder-el-2  el_after_av_section  el_before_av_textblock  avia-builder-el-first '><span class='hr-inner '><span class=\"hr-inner-style\"><\/span><\/span><\/div>\n<section  class='av_textblock_section av-mei6n5yg-c1b451d78b9493d7ad300a23b598d9c1 '   itemscope=\"itemscope\" itemtype=\"https:\/\/schema.org\/CreativeWork\" ><div class='avia_textblock'  itemprop=\"text\" ><h2 style=\"text-align: center;\">Ihr Erfolg ist unser Antrieb<\/h2>\n<\/div><\/section>\n<section  class='av_textblock_section av-mei5yb3t-452e8a1512893cc663bf5a11222770ca '   itemscope=\"itemscope\" itemtype=\"https:\/\/schema.org\/CreativeWork\" ><div class='avia_textblock'  itemprop=\"text\" ><p style=\"text-align: center;\" data-start=\"380\" data-end=\"823\">Wir entwickeln, fertigen und integrieren ma\u00dfgeschneiderte Vorrichtungen, Sondermaschinen und automatisierte Systeme, die Ihre Produktionsprozesse effizienter, sicherer und wirtschaftlicher machen.<br data-start=\"559\" data-end=\"562\" \/>Von der ersten Idee \u00fcber die Konstruktion bis hin zur Inbetriebnahme begleiten wir Sie als verl\u00e4sslicher Partner. Ob einfache Hilfsmittel oder komplexe, hochautomatisierte Anlagen \u2013 wir schaffen L\u00f6sungen, die pr\u00e4zise auf Ihre Anforderungen zugeschnitten sind.<\/p>\n<p style=\"text-align: center;\" data-start=\"825\" data-end=\"985\">Durch unsere langj\u00e4hrige Erfahrung, technisches Know-how und Kreativit\u00e4t schaffen wir echten Mehrwert: f\u00fcr Ihre Produktion, Ihre Mitarbeiter und Ihr Wachstum.<\/p>\n<\/div><\/section>\n<\/div><\/div><\/div><!-- close content main div --><\/div><\/div><div id='layer_slider_1'  class='avia-layerslider main_color avia-shadow  avia-builder-el-5  el_after_av_textblock  el_before_av_one_half  slider-not-first container_wrap sidebar_right'  style='height: 401px; max-width: 1280px; margin: 0 auto;'  ><\/div><div id='after_layer_slider_1'  class='main_color av_default_container_wrap container_wrap sidebar_right'  ><div class='container av-section-cont-open' ><div class='template-page content  av-content-small alpha units'><div class='post-entry post-entry-type-page post-entry-17'><div class='entry-content-wrapper clearfix'>\n<div  id=\"ueberunsn\"  class='flex_column av-1fe61-751bac0fd8a87bab573c67dee4f42578 av_one_half  avia-builder-el-6  el_after_av_layerslider  el_before_av_one_half  avia-builder-el-first  first flex_column_div  '     ><p>\n<style type=\"text\/css\" data-created_by=\"avia_inline_auto\" id=\"style-css-av-meuynnfx-f29105f003559aa7d41f14da75a849ab\">\n#top .hr.hr-invisible.av-meuynnfx-f29105f003559aa7d41f14da75a849ab{\nheight:50px;\n}\n<\/style>\n<div  class='hr av-meuynnfx-f29105f003559aa7d41f14da75a849ab hr-invisible  avia-builder-el-7  el_before_av_textblock  avia-builder-el-first '><span class='hr-inner '><span class=\"hr-inner-style\"><\/span><\/span><\/div><br \/>\n<section  class='av_textblock_section av-meuyld4l-87e7d0a0d7ecb67a38975f908ed71993 '   itemscope=\"itemscope\" itemtype=\"https:\/\/schema.org\/CreativeWork\" ><div class='avia_textblock'  itemprop=\"text\" ><div class=\"grid-row-root grid-row-has-columns grid-row-non-full-width\">\n<div class=\"grid-column-root grid-column-small-12 grid-column-medium-12 grid-column-large-12\">\n<div class=\"module-container-custom module-container-root\">\n<div class=\"heading-module-ea5d8c48-8118-474a-97cd-8a8eef9d97fd heading-root\">\n<div>\n<h2>HERAUSFORDERUNGEN GEMEINSAM MEISTERN<\/h2>\n<\/div>\n<\/div>\n<\/div>\n<div class=\"module-container-custom module-container-root\">\n<div class=\"text-root text-db7bde45-d836-4ebe-b282-25cf4a6c4cae\">\n<div>\n<p>Das Leistungsspektrum der HuKa Systemtechnik reicht von der Entwicklung \u00fcber das Projektmanagement bis zur Lieferung und Inbetriebnahme Ihrer Anlage. Durch eigene Produkt-, Tool- und Prozessentwicklungen bauen wir stetig mehr Knowhow auf, um die zentralen Herausforderungen der Zukunft gemeinsam mit unseren Kunden zu l\u00f6sen.<\/p>\n<\/div>\n<\/div>\n<\/div>\n<\/div>\n<\/div>\n<\/div><\/section><\/p><\/div>\n<div  class='flex_column av-14y35-493dbc3578af91aa84e526a49e268722 av_one_half  avia-builder-el-9  el_after_av_one_half  avia-builder-el-last  flex_column_div  '     ><style type=\"text\/css\" data-created_by=\"avia_inline_auto\" id=\"style-css-av-meuylm9y-2498a000f089f004319470087f701f38\">\n.avia-image-container.av-meuylm9y-2498a000f089f004319470087f701f38 img.avia_image{\nbox-shadow:none;\n}\n.avia-image-container.av-meuylm9y-2498a000f089f004319470087f701f38 .av-image-caption-overlay-center{\ncolor:#ffffff;\n}\n<\/style>\n<div  class='avia-image-container av-meuylm9y-2498a000f089f004319470087f701f38 av-styling- avia-align-center  avia-builder-el-10  avia-builder-el-no-sibling '   itemprop=\"image\" itemscope=\"itemscope\" itemtype=\"https:\/\/schema.org\/ImageObject\" ><div class=\"avia-image-container-inner\"><div class=\"avia-image-overlay-wrap\"><img decoding=\"async\" fetchpriority=\"high\" class='wp-image-52 avia-img-lazy-loading-not-52 avia_image ' src=\"https:\/\/huka-system.de\/wp-content\/uploads\/2025\/08\/fabrikarbeiter-gehen-durch-grosse-produktionshalle-und-unterhalten-sich-scaled.jpg\" alt='Arbeiter laufen durch die Halle' title='Factory workers walking through large production hall and having conversation.'  height=\"1707\" width=\"2560\"  itemprop=\"thumbnailUrl\" srcset=\"https:\/\/huka-system.de\/wp-content\/uploads\/2025\/08\/fabrikarbeiter-gehen-durch-grosse-produktionshalle-und-unterhalten-sich-scaled.jpg 2560w, https:\/\/huka-system.de\/wp-content\/uploads\/2025\/08\/fabrikarbeiter-gehen-durch-grosse-produktionshalle-und-unterhalten-sich-300x200.jpg 300w, https:\/\/huka-system.de\/wp-content\/uploads\/2025\/08\/fabrikarbeiter-gehen-durch-grosse-produktionshalle-und-unterhalten-sich-1030x687.jpg 1030w, https:\/\/huka-system.de\/wp-content\/uploads\/2025\/08\/fabrikarbeiter-gehen-durch-grosse-produktionshalle-und-unterhalten-sich-768x512.jpg 768w, https:\/\/huka-system.de\/wp-content\/uploads\/2025\/08\/fabrikarbeiter-gehen-durch-grosse-produktionshalle-und-unterhalten-sich-1536x1024.jpg 1536w, https:\/\/huka-system.de\/wp-content\/uploads\/2025\/08\/fabrikarbeiter-gehen-durch-grosse-produktionshalle-und-unterhalten-sich-2048x1365.jpg 2048w, https:\/\/huka-system.de\/wp-content\/uploads\/2025\/08\/fabrikarbeiter-gehen-durch-grosse-produktionshalle-und-unterhalten-sich-1500x1000.jpg 1500w, https:\/\/huka-system.de\/wp-content\/uploads\/2025\/08\/fabrikarbeiter-gehen-durch-grosse-produktionshalle-und-unterhalten-sich-705x470.jpg 705w\" sizes=\"(max-width: 2560px) 100vw, 2560px\" \/><\/div><\/div><\/div><\/div>\n","protected":false},"excerpt":{"rendered":"","protected":false},"author":1,"featured_media":0,"parent":0,"menu_order":0,"comment_status":"closed","ping_status":"closed","template":"","meta":{"footnotes":""},"class_list":["post-17","page","type-page","status-publish","hentry"],"yoast_head":"<!-- This site is optimized with the Yoast SEO plugin v27.1.1 - https:\/\/yoast.com\/product\/yoast-seo-wordpress\/ -->\n<title>Startseite - Huka Systemtechnik<\/title>\n<meta name=\"description\" content=\"HUKA Systemtechnik in Scheibenberg \u2013 Ihr Partner f\u00fcr innovative Systeml\u00f6sungen, Maschinenbau und Automatisierungstechnik im Erzgebirge.\" \/>\n<meta name=\"robots\" content=\"index, follow, max-snippet:-1, max-image-preview:large, max-video-preview:-1\" \/>\n<link rel=\"canonical\" href=\"https:\/\/huka-system.de\/?page_id=17\" \/>\n<meta property=\"og:locale\" content=\"de_DE\" \/>\n<meta property=\"og:type\" content=\"article\" \/>\n<meta property=\"og:title\" content=\"Startseite - Huka Systemtechnik\" \/>\n<meta property=\"og:description\" content=\"HUKA Systemtechnik in Scheibenberg \u2013 Ihr Partner f\u00fcr innovative Systeml\u00f6sungen, Maschinenbau und Automatisierungstechnik im Erzgebirge.\" \/>\n<meta property=\"og:url\" content=\"https:\/\/huka-system.de\/?page_id=17\" \/>\n<meta property=\"og:site_name\" content=\"Huka Systemtechnik\" \/>\n<meta property=\"article:modified_time\" content=\"2025-09-05T05:49:04+00:00\" \/>\n<meta name=\"twitter:card\" content=\"summary_large_image\" \/>\n<meta name=\"twitter:label1\" content=\"Gesch\u00e4tzte Lesezeit\" \/>\n\t<meta name=\"twitter:data1\" content=\"2\u00a0Minuten\" \/>\n<script type=\"application\/ld+json\" class=\"yoast-schema-graph\">{\"@context\":\"https:\/\/schema.org\",\"@graph\":[{\"@type\":\"WebPage\",\"@id\":\"https:\/\/huka-system.de\/?page_id=17\",\"url\":\"https:\/\/huka-system.de\/?page_id=17\",\"name\":\"Startseite - Huka Systemtechnik\",\"isPartOf\":{\"@id\":\"https:\/\/huka-system.de\/#website\"},\"datePublished\":\"2025-08-19T06:00:11+00:00\",\"dateModified\":\"2025-09-05T05:49:04+00:00\",\"description\":\"HUKA Systemtechnik in Scheibenberg \u2013 Ihr Partner f\u00fcr innovative Systeml\u00f6sungen, Maschinenbau und Automatisierungstechnik im Erzgebirge.\",\"breadcrumb\":{\"@id\":\"https:\/\/huka-system.de\/?page_id=17#breadcrumb\"},\"inLanguage\":\"de\",\"potentialAction\":[{\"@type\":\"ReadAction\",\"target\":[\"https:\/\/huka-system.de\/?page_id=17\"]}]},{\"@type\":\"BreadcrumbList\",\"@id\":\"https:\/\/huka-system.de\/?page_id=17#breadcrumb\",\"itemListElement\":[{\"@type\":\"ListItem\",\"position\":1,\"name\":\"Startseite\",\"item\":\"https:\/\/huka-system.de\/?page_id=17\"},{\"@type\":\"ListItem\",\"position\":2,\"name\":\"Startseite\"}]},{\"@type\":\"WebSite\",\"@id\":\"https:\/\/huka-system.de\/#website\",\"url\":\"https:\/\/huka-system.de\/\",\"name\":\"Huka Systemtechnik\",\"description\":\"\",\"publisher\":{\"@id\":\"https:\/\/huka-system.de\/#organization\"},\"potentialAction\":[{\"@type\":\"SearchAction\",\"target\":{\"@type\":\"EntryPoint\",\"urlTemplate\":\"https:\/\/huka-system.de\/?s={search_term_string}\"},\"query-input\":{\"@type\":\"PropertyValueSpecification\",\"valueRequired\":true,\"valueName\":\"search_term_string\"}}],\"inLanguage\":\"de\"},{\"@type\":\"Organization\",\"@id\":\"https:\/\/huka-system.de\/#organization\",\"name\":\"Huka Systemtechnik\",\"url\":\"https:\/\/huka-system.de\/\",\"logo\":{\"@type\":\"ImageObject\",\"inLanguage\":\"de\",\"@id\":\"https:\/\/huka-system.de\/#\/schema\/logo\/image\/\",\"url\":\"https:\/\/huka-system.de\/wp-content\/uploads\/2025\/08\/Element-1@5x-scaled.png\",\"contentUrl\":\"https:\/\/huka-system.de\/wp-content\/uploads\/2025\/08\/Element-1@5x-scaled.png\",\"width\":2560,\"height\":2028,\"caption\":\"Huka Systemtechnik\"},\"image\":{\"@id\":\"https:\/\/huka-system.de\/#\/schema\/logo\/image\/\"}}]}<\/script>\n<!-- \/ Yoast SEO plugin. -->","yoast_head_json":{"title":"Startseite - Huka Systemtechnik","description":"HUKA Systemtechnik in Scheibenberg \u2013 Ihr Partner f\u00fcr innovative Systeml\u00f6sungen, Maschinenbau und Automatisierungstechnik im Erzgebirge.","robots":{"index":"index","follow":"follow","max-snippet":"max-snippet:-1","max-image-preview":"max-image-preview:large","max-video-preview":"max-video-preview:-1"},"canonical":"https:\/\/huka-system.de\/?page_id=17","og_locale":"de_DE","og_type":"article","og_title":"Startseite - Huka Systemtechnik","og_description":"HUKA Systemtechnik in Scheibenberg \u2013 Ihr Partner f\u00fcr innovative Systeml\u00f6sungen, Maschinenbau und Automatisierungstechnik im Erzgebirge.","og_url":"https:\/\/huka-system.de\/?page_id=17","og_site_name":"Huka Systemtechnik","article_modified_time":"2025-09-05T05:49:04+00:00","twitter_card":"summary_large_image","twitter_misc":{"Gesch\u00e4tzte Lesezeit":"2\u00a0Minuten"},"schema":{"@context":"https:\/\/schema.org","@graph":[{"@type":"WebPage","@id":"https:\/\/huka-system.de\/?page_id=17","url":"https:\/\/huka-system.de\/?page_id=17","name":"Startseite - Huka Systemtechnik","isPartOf":{"@id":"https:\/\/huka-system.de\/#website"},"datePublished":"2025-08-19T06:00:11+00:00","dateModified":"2025-09-05T05:49:04+00:00","description":"HUKA Systemtechnik in Scheibenberg \u2013 Ihr Partner f\u00fcr innovative Systeml\u00f6sungen, Maschinenbau und Automatisierungstechnik im Erzgebirge.","breadcrumb":{"@id":"https:\/\/huka-system.de\/?page_id=17#breadcrumb"},"inLanguage":"de","potentialAction":[{"@type":"ReadAction","target":["https:\/\/huka-system.de\/?page_id=17"]}]},{"@type":"BreadcrumbList","@id":"https:\/\/huka-system.de\/?page_id=17#breadcrumb","itemListElement":[{"@type":"ListItem","position":1,"name":"Startseite","item":"https:\/\/huka-system.de\/?page_id=17"},{"@type":"ListItem","position":2,"name":"Startseite"}]},{"@type":"WebSite","@id":"https:\/\/huka-system.de\/#website","url":"https:\/\/huka-system.de\/","name":"Huka Systemtechnik","description":"","publisher":{"@id":"https:\/\/huka-system.de\/#organization"},"potentialAction":[{"@type":"SearchAction","target":{"@type":"EntryPoint","urlTemplate":"https:\/\/huka-system.de\/?s={search_term_string}"},"query-input":{"@type":"PropertyValueSpecification","valueRequired":true,"valueName":"search_term_string"}}],"inLanguage":"de"},{"@type":"Organization","@id":"https:\/\/huka-system.de\/#organization","name":"Huka Systemtechnik","url":"https:\/\/huka-system.de\/","logo":{"@type":"ImageObject","inLanguage":"de","@id":"https:\/\/huka-system.de\/#\/schema\/logo\/image\/","url":"https:\/\/huka-system.de\/wp-content\/uploads\/2025\/08\/Element-1@5x-scaled.png","contentUrl":"https:\/\/huka-system.de\/wp-content\/uploads\/2025\/08\/Element-1@5x-scaled.png","width":2560,"height":2028,"caption":"Huka Systemtechnik"},"image":{"@id":"https:\/\/huka-system.de\/#\/schema\/logo\/image\/"}}]}},"_links":{"self":[{"href":"https:\/\/huka-system.de\/index.php?rest_route=\/wp\/v2\/pages\/17","targetHints":{"allow":["GET"]}}],"collection":[{"href":"https:\/\/huka-system.de\/index.php?rest_route=\/wp\/v2\/pages"}],"about":[{"href":"https:\/\/huka-system.de\/index.php?rest_route=\/wp\/v2\/types\/page"}],"author":[{"embeddable":true,"href":"https:\/\/huka-system.de\/index.php?rest_route=\/wp\/v2\/users\/1"}],"replies":[{"embeddable":true,"href":"https:\/\/huka-system.de\/index.php?rest_route=%2Fwp%2Fv2%2Fcomments&post=17"}],"version-history":[{"count":57,"href":"https:\/\/huka-system.de\/index.php?rest_route=\/wp\/v2\/pages\/17\/revisions"}],"predecessor-version":[{"id":132,"href":"https:\/\/huka-system.de\/index.php?rest_route=\/wp\/v2\/pages\/17\/revisions\/132"}],"wp:attachment":[{"href":"https:\/\/huka-system.de\/index.php?rest_route=%2Fwp%2Fv2%2Fmedia&parent=17"}],"curies":[{"name":"wp","href":"https:\/\/api.w.org\/{rel}","templated":true}]}}